{"id":554,"date":"2010-11-27T12:02:04","date_gmt":"2010-11-27T12:02:04","guid":{"rendered":"http:\/\/www.elvirafleischanderl.at\/index.php\/jagdschmuck\/jagdschmuck-fuchs\/"},"modified":"2011-08-01T15:43:08","modified_gmt":"2011-08-01T13:43:08","slug":"jagdschmuck-fuchs","status":"publish","type":"page","link":"http:\/\/schmuck-werkstatt.com\/index.php\/jagdschmuck\/jagdschmuck-fuchs\/","title":{"rendered":"Jagdschmuck: Fuchs"},"content":{"rendered":"<p><!-- default-view.php -->\n<div\n\tclass=\"ngg-galleryoverview default-view  ngg-ajax-pagination-none\"\n\tid=\"ngg-gallery-bf00de704a8c4cdeec5b04b75e1aa9d0-1\">\n\n\t\t<!-- Thumbnails -->\n\t\t\t\t<div id=\"ngg-image-0\" class=\"ngg-gallery-thumbnail-box ngg-4-columns\" >\n\t\t\t\t        <div class=\"ngg-gallery-thumbnail\">\n            <a href=\"http:\/\/schmuck-werkstatt.com\/wp-content\/gallery\/jagdschmuck-fuchs\/fuchs-1-dscn1728.jpg\"\n               title=\"\"\n               data-src=\"http:\/\/schmuck-werkstatt.com\/wp-content\/gallery\/jagdschmuck-fuchs\/fuchs-1-dscn1728.jpg\"\n               data-thumbnail=\"http:\/\/schmuck-werkstatt.com\/wp-content\/gallery\/jagdschmuck-fuchs\/thumbs\/thumbs_fuchs-1-dscn1728.jpg\"\n               data-image-id=\"433\"\n               data-title=\"FUCHS\"\n               data-description=\"\"\n               data-image-slug=\"fuchs\"\n               class=\"shutterset_bf00de704a8c4cdeec5b04b75e1aa9d0\">\n                <img\n                    title=\"FUCHS\"\n                    alt=\"FUCHS\"\n                    src=\"http:\/\/schmuck-werkstatt.com\/wp-content\/gallery\/jagdschmuck-fuchs\/thumbs\/thumbs_fuchs-1-dscn1728.jpg\"\n                    width=\"120\"\n                    height=\"90\"\n                    style=\"max-width:100%;\"\n                \/>\n            <\/a>\n        <\/div>\n\t\t\t\t\t\t\t<\/div> \n\t\t\t\n\t\t\t\t<div id=\"ngg-image-1\" class=\"ngg-gallery-thumbnail-box ngg-4-columns\" >\n\t\t\t\t        <div class=\"ngg-gallery-thumbnail\">\n            <a href=\"http:\/\/schmuck-werkstatt.com\/wp-content\/gallery\/jagdschmuck-fuchs\/fuchs-2-dscn1729.jpg\"\n               title=\"\"\n               data-src=\"http:\/\/schmuck-werkstatt.com\/wp-content\/gallery\/jagdschmuck-fuchs\/fuchs-2-dscn1729.jpg\"\n               data-thumbnail=\"http:\/\/schmuck-werkstatt.com\/wp-content\/gallery\/jagdschmuck-fuchs\/thumbs\/thumbs_fuchs-2-dscn1729.jpg\"\n               data-image-id=\"434\"\n               data-title=\"FUCHS\"\n               data-description=\"\"\n               data-image-slug=\"fuchs\"\n               class=\"shutterset_bf00de704a8c4cdeec5b04b75e1aa9d0\">\n                <img\n                    title=\"FUCHS\"\n                    alt=\"FUCHS\"\n                    src=\"http:\/\/schmuck-werkstatt.com\/wp-content\/gallery\/jagdschmuck-fuchs\/thumbs\/thumbs_fuchs-2-dscn1729.jpg\"\n                    width=\"120\"\n                    height=\"90\"\n                    style=\"max-width:100%;\"\n                \/>\n            <\/a>\n        <\/div>\n\t\t\t\t\t\t\t<\/div> \n\t\t\t\n\t\t\t\t<div id=\"ngg-image-2\" class=\"ngg-gallery-thumbnail-box ngg-4-columns\" >\n\t\t\t\t        <div class=\"ngg-gallery-thumbnail\">\n            <a href=\"http:\/\/schmuck-werkstatt.com\/wp-content\/gallery\/jagdschmuck-fuchs\/fuchs-3-dscn1744.jpg\"\n               title=\"\"\n               data-src=\"http:\/\/schmuck-werkstatt.com\/wp-content\/gallery\/jagdschmuck-fuchs\/fuchs-3-dscn1744.jpg\"\n               data-thumbnail=\"http:\/\/schmuck-werkstatt.com\/wp-content\/gallery\/jagdschmuck-fuchs\/thumbs\/thumbs_fuchs-3-dscn1744.jpg\"\n               data-image-id=\"435\"\n               data-title=\"FUCHS\"\n               data-description=\"\"\n               data-image-slug=\"fuchs\"\n               class=\"shutterset_bf00de704a8c4cdeec5b04b75e1aa9d0\">\n                <img\n                    title=\"FUCHS\"\n                    alt=\"FUCHS\"\n                    src=\"http:\/\/schmuck-werkstatt.com\/wp-content\/gallery\/jagdschmuck-fuchs\/thumbs\/thumbs_fuchs-3-dscn1744.jpg\"\n                    width=\"120\"\n                    height=\"90\"\n                    style=\"max-width:100%;\"\n                \/>\n            <\/a>\n        <\/div>\n\t\t\t\t\t\t\t<\/div> \n\t\t\t\n\t\n\t<br style=\"clear: both\" \/>\n\n\t\n\t\t<!-- Pagination -->\n\t<div class='ngg-clear'><\/div>\t<\/div>\n &#8222;<strong>FUCHS&#8220;<\/strong> Anh\u00e4nger und Brosche Silber 925 Fuchs-Z\u00e4hne <a href=\"http:\/\/schmuck-werkstatt.com\/index.php\/jagdschmuck\" target=\"_self\"><\/a><\/p>\n<p><a href=\"http:\/\/schmuck-werkstatt.com\/index.php\/jagdschmuck\" target=\"_self\">zur\u00fcck zu <em>Jagdschmuck<\/em><\/a><\/p>\n","protected":false},"excerpt":{"rendered":"<p>&#8222;FUCHS&#8220; Anh\u00e4nger und Brosche Silber 925 Fuchs-Z\u00e4hne zur\u00fcck zu Jagdschmuck<\/p>\n","protected":false},"author":4,"featured_media":0,"parent":188,"menu_order":0,"comment_status":"open","ping_status":"open","template":"","meta":{"ngg_post_thumbnail":0},"_links":{"self":[{"href":"http:\/\/schmuck-werkstatt.com\/index.php\/wp-json\/wp\/v2\/pages\/554"}],"collection":[{"href":"http:\/\/schmuck-werkstatt.com\/index.php\/wp-json\/wp\/v2\/pages"}],"about":[{"href":"http:\/\/schmuck-werkstatt.com\/index.php\/wp-json\/wp\/v2\/types\/page"}],"author":[{"embeddable":true,"href":"http:\/\/schmuck-werkstatt.com\/index.php\/wp-json\/wp\/v2\/users\/4"}],"replies":[{"embeddable":true,"href":"http:\/\/schmuck-werkstatt.com\/index.php\/wp-json\/wp\/v2\/comments?post=554"}],"version-history":[{"count":1,"href":"http:\/\/schmuck-werkstatt.com\/index.php\/wp-json\/wp\/v2\/pages\/554\/revisions"}],"predecessor-version":[{"id":1425,"href":"http:\/\/schmuck-werkstatt.com\/index.php\/wp-json\/wp\/v2\/pages\/554\/revisions\/1425"}],"up":[{"embeddable":true,"href":"http:\/\/schmuck-werkstatt.com\/index.php\/wp-json\/wp\/v2\/pages\/188"}],"wp:attachment":[{"href":"http:\/\/schmuck-werkstatt.com\/index.php\/wp-json\/wp\/v2\/media?parent=554"}],"curies":[{"name":"wp","href":"https:\/\/api.w.org\/{rel}","templated":true}]}}