{"id":687,"date":"2010-11-28T10:29:00","date_gmt":"2010-11-28T10:29:00","guid":{"rendered":"http:\/\/www.elvirafleischanderl.at\/index.php\/schmucke-wortspiele\/schmucke-wortspiele-ringelblume-ganseblumchen\/"},"modified":"2011-08-01T15:24:21","modified_gmt":"2011-08-01T13:24:21","slug":"schmucke-wortspiele-ringelblume-ganseblumchen","status":"publish","type":"page","link":"http:\/\/schmuck-werkstatt.com\/index.php\/schmucke-wortspiele\/schmucke-wortspiele-ringelblume-ganseblumchen\/","title":{"rendered":"Schmucke Wortspiele: Ringelblume, G\u00e4nsebl\u00fcmchen"},"content":{"rendered":"<p><!-- default-view.php -->\n<div\n\tclass=\"ngg-galleryoverview default-view  ngg-ajax-pagination-none\"\n\tid=\"ngg-gallery-ddc40286f5a8b33e35796c6cd8f5d322-1\">\n\n\t\t<!-- Thumbnails -->\n\t\t\t\t<div id=\"ngg-image-0\" class=\"ngg-gallery-thumbnail-box ngg-4-columns\" >\n\t\t\t\t        <div class=\"ngg-gallery-thumbnail\">\n            <a href=\"http:\/\/schmuck-werkstatt.com\/wp-content\/gallery\/schmucke-wortspiele-ringelblume-ganseblumchen\/ringelblume-ganseblamchen-2_0.jpg\"\n               title=\"\"\n               data-src=\"http:\/\/schmuck-werkstatt.com\/wp-content\/gallery\/schmucke-wortspiele-ringelblume-ganseblumchen\/ringelblume-ganseblamchen-2_0.jpg\"\n               data-thumbnail=\"http:\/\/schmuck-werkstatt.com\/wp-content\/gallery\/schmucke-wortspiele-ringelblume-ganseblumchen\/thumbs\/thumbs_ringelblume-ganseblamchen-2_0.jpg\"\n               data-image-id=\"523\"\n               data-title=\"RINGELBLUME, G\u00e4nsebl\u00fcmchen\"\n               data-description=\"\"\n               data-image-slug=\"ringelblume-g%c3%a4nsebl%c3%bcmchen\"\n               class=\"shutterset_ddc40286f5a8b33e35796c6cd8f5d322\">\n                <img\n                    title=\"RINGELBLUME, G\u00e4nsebl\u00fcmchen\"\n                    alt=\"RINGELBLUME, G\u00e4nsebl\u00fcmchen\"\n                    src=\"http:\/\/schmuck-werkstatt.com\/wp-content\/gallery\/schmucke-wortspiele-ringelblume-ganseblumchen\/thumbs\/thumbs_ringelblume-ganseblamchen-2_0.jpg\"\n                    width=\"120\"\n                    height=\"90\"\n                    style=\"max-width:100%;\"\n                \/>\n            <\/a>\n        <\/div>\n\t\t\t\t\t\t\t<\/div> \n\t\t\t\n\t\t\t\t<div id=\"ngg-image-1\" class=\"ngg-gallery-thumbnail-box ngg-4-columns\" >\n\t\t\t\t        <div class=\"ngg-gallery-thumbnail\">\n            <a href=\"http:\/\/schmuck-werkstatt.com\/wp-content\/gallery\/schmucke-wortspiele-ringelblume-ganseblumchen\/ringelblume-ganseblamchen-3_0.jpg\"\n               title=\"\"\n               data-src=\"http:\/\/schmuck-werkstatt.com\/wp-content\/gallery\/schmucke-wortspiele-ringelblume-ganseblumchen\/ringelblume-ganseblamchen-3_0.jpg\"\n               data-thumbnail=\"http:\/\/schmuck-werkstatt.com\/wp-content\/gallery\/schmucke-wortspiele-ringelblume-ganseblumchen\/thumbs\/thumbs_ringelblume-ganseblamchen-3_0.jpg\"\n               data-image-id=\"524\"\n               data-title=\"RINGELBLUME, G\u00e4nsebl\u00fcmchen\"\n               data-description=\"\"\n               data-image-slug=\"ringelblume-g%c3%a4nsebl%c3%bcmchen\"\n               class=\"shutterset_ddc40286f5a8b33e35796c6cd8f5d322\">\n                <img\n                    title=\"RINGELBLUME, G\u00e4nsebl\u00fcmchen\"\n                    alt=\"RINGELBLUME, G\u00e4nsebl\u00fcmchen\"\n                    src=\"http:\/\/schmuck-werkstatt.com\/wp-content\/gallery\/schmucke-wortspiele-ringelblume-ganseblumchen\/thumbs\/thumbs_ringelblume-ganseblamchen-3_0.jpg\"\n                    width=\"120\"\n                    height=\"90\"\n                    style=\"max-width:100%;\"\n                \/>\n            <\/a>\n        <\/div>\n\t\t\t\t\t\t\t<\/div> \n\t\t\t\n\t\t\t\t<div id=\"ngg-image-2\" class=\"ngg-gallery-thumbnail-box ngg-4-columns\" >\n\t\t\t\t        <div class=\"ngg-gallery-thumbnail\">\n            <a href=\"http:\/\/schmuck-werkstatt.com\/wp-content\/gallery\/schmucke-wortspiele-ringelblume-ganseblumchen\/ringelblume-ganseblamchen-1-_mg_1721_edited.jpg\"\n               title=\"\"\n               data-src=\"http:\/\/schmuck-werkstatt.com\/wp-content\/gallery\/schmucke-wortspiele-ringelblume-ganseblumchen\/ringelblume-ganseblamchen-1-_mg_1721_edited.jpg\"\n               data-thumbnail=\"http:\/\/schmuck-werkstatt.com\/wp-content\/gallery\/schmucke-wortspiele-ringelblume-ganseblumchen\/thumbs\/thumbs_ringelblume-ganseblamchen-1-_mg_1721_edited.jpg\"\n               data-image-id=\"577\"\n               data-title=\"ringelblume-ganseblamchen-1-_mg_1721_edited\"\n               data-description=\"\"\n               data-image-slug=\"ringelblume-ganseblamchen-1-_mg_1721_edited\"\n               class=\"shutterset_ddc40286f5a8b33e35796c6cd8f5d322\">\n                <img\n                    title=\"ringelblume-ganseblamchen-1-_mg_1721_edited\"\n                    alt=\"ringelblume-ganseblamchen-1-_mg_1721_edited\"\n                    src=\"http:\/\/schmuck-werkstatt.com\/wp-content\/gallery\/schmucke-wortspiele-ringelblume-ganseblumchen\/thumbs\/thumbs_ringelblume-ganseblamchen-1-_mg_1721_edited.jpg\"\n                    width=\"120\"\n                    height=\"90\"\n                    style=\"max-width:100%;\"\n                \/>\n            <\/a>\n        <\/div>\n\t\t\t\t\t\t\t<\/div> \n\t\t\t\n\t\n\t<br style=\"clear: both\" \/>\n\n\t\n\t\t<!-- Pagination -->\n\t<div class='ngg-clear'><\/div>\t<\/div>\n<strong> &#8222;RINGelblume&#8220; <\/strong> G\u00e4nsebl\u00fcmchen Ring Silber 925, Feingold<a href=\"http:\/\/schmuck-werkstatt.com\/index.php\/schmucke-wortspiele\" target=\"_self\"><\/a><\/p>\n<p><a href=\"http:\/\/schmuck-werkstatt.com\/index.php\/schmucke-wortspiele\" target=\"_self\">zur\u00fcck zu<em> &#8222;Handwerk &amp; Mundwerk<\/em>&#8222;<\/a><\/p>\n","protected":false},"excerpt":{"rendered":"<p>&#8222;RINGelblume&#8220; G\u00e4nsebl\u00fcmchen Ring Silber 925, Feingold zur\u00fcck zu &#8222;Handwerk &amp; Mundwerk&#8222;<\/p>\n","protected":false},"author":4,"featured_media":0,"parent":194,"menu_order":0,"comment_status":"open","ping_status":"open","template":"","meta":{"ngg_post_thumbnail":0},"_links":{"self":[{"href":"http:\/\/schmuck-werkstatt.com\/index.php\/wp-json\/wp\/v2\/pages\/687"}],"collection":[{"href":"http:\/\/schmuck-werkstatt.com\/index.php\/wp-json\/wp\/v2\/pages"}],"about":[{"href":"http:\/\/schmuck-werkstatt.com\/index.php\/wp-json\/wp\/v2\/types\/page"}],"author":[{"embeddable":true,"href":"http:\/\/schmuck-werkstatt.com\/index.php\/wp-json\/wp\/v2\/users\/4"}],"replies":[{"embeddable":true,"href":"http:\/\/schmuck-werkstatt.com\/index.php\/wp-json\/wp\/v2\/comments?post=687"}],"version-history":[{"count":2,"href":"http:\/\/schmuck-werkstatt.com\/index.php\/wp-json\/wp\/v2\/pages\/687\/revisions"}],"predecessor-version":[{"id":1358,"href":"http:\/\/schmuck-werkstatt.com\/index.php\/wp-json\/wp\/v2\/pages\/687\/revisions\/1358"}],"up":[{"embeddable":true,"href":"http:\/\/schmuck-werkstatt.com\/index.php\/wp-json\/wp\/v2\/pages\/194"}],"wp:attachment":[{"href":"http:\/\/schmuck-werkstatt.com\/index.php\/wp-json\/wp\/v2\/media?parent=687"}],"curies":[{"name":"wp","href":"https:\/\/api.w.org\/{rel}","templated":true}]}}